t g(z) = -z**2 + z - 1. Let a(q) = -b(q) + 6*g(q). What is a(o)?
4
Let f = 686 + -682. Let k(s) = f*s**2 - 2*s**3 + s**2 + 0*s**3 + 2*s**2 + s**3 - 14 - 6*s. Determine k(5).
6
Suppose 95*d = -1476 + 241. Let j(g) = 4*g + 93. Give j(d).
41
Suppose 5*l + 12 = 11*l. Let z(d) = 22*d**2 + 37*d**l - 51*d**2 + 5 + d**3. Suppose p + 4 = -4. Determine z(p).
5
Let v(p) = -p**3 + 3*p**2 - 2*p - 7. Let q = 5047 + -5042. Determine v(q).
-67
Let i(l) = -2*l**3 + 11 - l**3 + 17*l + 4*l**3 + l**2 - 18*l. Let p be i(0). Let j(r) = 10*r**2 - p*r**2 - 8*r + r + 2*r + 4. Determine j(-7).
-10
Let b = -112 + 214. Suppose 12*q - b = -30. Let j(d) = -1 + 0*d**2 - 8*d + d**2 - 4 + d**2. Give j(q).
19
Let m(g) be the second derivative of g**3 - 21*g**2/2 + 1055*g. Determine m(14).
63
Let f(q) = -330 + 112 - 5*q + 102 + 13*q**2 + 119. What is f(2)?
45
Suppose 2 = 10*m + 292. Let t(i) = i**2 + 29*i + 3. Let a be t(m). Let l(z) = -2*z + 2. Determine l(a).
-4
Let j(i) = -2660*i + 5 + 5269*i - 2648*i. Let c(y) = -9*y + 1. Let q(a) = 18*c(a) - 4*j(a). Determine q(-7).
40
Suppose -4*h = -6*h + g + 18, 0 = -3*h + 4*g + 32. Let q(c) = 2*c - 6 + 11 - 2 - 8. Determine q(h).
11
Let p(n) = n - 220 + 101 + 2*n**2 + 112. Determine p(-3).
8
Let c = 414 - 411. Let s(a) = -7 + a**2 - 4*a**3 + 0*a + 6 - c*a**2 + a + a. Let v = 2 - 1. Give s(v).
-5
Suppose 0 = -5*s + 4*r + 26, s + 0*r + 4*r = -14. Let f(u) = -5*u**2 - 3*u**3 + 4*u**3 - 4*u + s - 5 - 3. Suppose 71*x + 66 = 82*x. Determine f(x).
6
Let j(w) = -w - 5. Let x(a) = -4*a - 9. Let y(g) = -5*j(g) + 2*x(g). Let m(h) = 2*h - 3. Let b(i) = -5*m(i) - 3*y(i). Determine b(-7).
1
Let a(t) = t - 41. Let r(z) = -92*z + 5260. Let q be r(57). What is a(q)?
-25
Let y(i) be the second derivative of -140*i + 0 + 6*i**2 - 1/2*i**3. Calculate y(8).
-12
Let x(p) be the third derivative of 1/24*p**4 - 2*p**2 + 0 + 13/3*p**3 + 29*p. What is x(0)?
26
Let u(o) = -109*o + 19 + 20 + 44*o + 56*o + 28. Give u(6).
13
Let n(y) = 5*y - 9. Let l be -5 - -1 - (205 - 202). Determine n(l).
-44
Let g(b) = b**2 - 3*b - 48. Let o be g(-7). Let x(w) = w**3 - 22*w**2 - w + 3. Calculate x(o).
-19
Let t(s) be the first derivative of 3*s**4/4 - s**3/3 + s**2/2 - 2*s + 1. Let w(c) = -53*c**2 + 584*c - 13. Let l be w(11). Calculate t(l).
-32
Let m(f) = f**2 - 4*f + 1. Let d(s) = -14*s + 170. Let k be d(12). Suppose 4 = -z - 3*c + 13, 4*z = k*c - 6. Calculate m(z).
1
Let k(l) be the second derivative of -l**5/20 + 5*l**4/12 - l**3 + 7*l**2/2 + 5*l. Let s = -6824 - -6827. Determine k(s).
7
Let s(v) be the first derivative of -v**2/2 - 12*v - 7139. Determine s(-16).
4
Let f(k) = k**3 + 9*k**2 - 35*k + 9. Suppose 251*t + 2354 - 316 + 974 = 0. Give f(t).
-3
Let i = -20555 + 20562. Let q(a) = -a - 23 - 7*a**2 - 2*a + a**3 + 18 + a. Determine q(i).
-19
Let w be 4/(-6)*105/14. Let s be (0 + w/(-10))*(2 - -8). Suppose 40 - 10 = s*q. Let g(h) = -h**3 + 7*h**2 - 7*h + 3. Calculate g(q).
-3
Let u(l) be the first derivative of 196 - 15*l + 7/2*l**2 - 1/3*l**3. What is u(5)?
-5
Let x be 9/(108/16 + -7 - 12/16). Let c(j) = j**3 + 9*j**2 + 8. Give c(x).
8
Let k(u) = -4*u**3 - 16*u**2 + 12*u. Let q(m) = m**3 + 2*m**2 - m - 2. Suppose 17 = -3*l + 20*l. Let o(y) = l*k(y) + 3*q(y). What is o(-11)?
16
Suppose 44*m - 40*m - 5*t - 17 = 0, 2*t = -3*m + 30. Suppose y - 11 = 47. Let p(j) = y*j - 33*j - 31*j - j**2 + m. Give p(-7).
1
Let c(s) = -7*s**3 + 33*s**2 + 7*s - 25. Let f(h) = 4*h**3 - 14*h**2 - 3*h + 10. Let n(r) = 2*c(r) + 5*f(r). Calculate n(-1).
-9
Suppose 0 = -k - 3*k - 12 - 4. Let c(v) = 3*v**2 - v + 4. Calculate c(k).
56
Suppose 3*q - 3*t = 12, -34*q + 39*q - 4 = -3*t. Let m(l) = -5 + 3*l - 12*l + 7 + l**q + 4. Let d(y) = -y + 10. Let r be d(0). Determine m(r).
16
Let h(s) = s**3 - 7*s**2 + 6*s + 2. Let t = 96 - 86. Suppose 6 = -b - 4*f, 2*f + t = 3*b - 0*b. Suppose -b*q - 2*q + 2 = -x, -4*x + q = -22. Determine h(x).
2
Let k(z) be the third derivative of -z**4/24 - 23*z**3/6 - 6469*z**2. Determine k(7).
-30
Suppose 0 = 9*k + 262 - 280. Let a(j) = -k*j + 0 - 5*j - 2 - 3*j + 11*j. Suppose 0 = -3*m - 6 - 12. What is a(m)?
-8
Let u(w) be the first derivative of -w**2 - w - 93. Let r = 541 - 551. Give u(r).
19
Let o(g) = -g**3 - 3*g**2 + 2*g + 4. Let y be o(-3). Let k be (-1 - 7 - -5)/1 + 5. Let p(b) = 3 - 9*b + 2 - 3 - 16*b - b**k + 27*b. Give p(y).
-6
Suppose 4*s - 6*w + 7*w - 324 = 0, -5*s + 414 = -w. Let m(x) = -13*x**2 + 5*x**2 + x**3 + 7*x + 74 - s. What is m(7)?
-8
Let k(h) be the third derivative of -h**5/20 + 3*h**4/8 - h**3/2 + 31*h**2. Let p(b) = -2*b**2 + 8*b - 2. Let o(r) = -4*k(r) + 5*p(r). What is o(-3)?
8
Let y(t) = -16*t - 3. Let m be y(7). Let j = -105 - m. Let a(x) = 3*x - 27. Let b be a(j). Let s(v) = -v**3 + 2*v**2 + 3*v - 4. What is s(b)?
-4
Let z(f) = -f**3 + 17*f**2 + 19*f + 25. Suppose 5*s = 3*d - 39, -2*s = 3*d - 8*d + 84. Give z(d).
43
Let d = 138 - 82. Let n(f) = d*f + 62*f - 116*f. What is n(-5)?
-10
Let q(c) = c**2 - 7*c + 1. Let m(v) be the third derivative of -v**5/12 + 7*v**4/6 - v**3/3 + v**2 + 43*v. Let h(d) = 2*m(d) + 9*q(d). Give h(-6).
11
Suppose -2*q = x + 6, 1118*x - q = 1123*x - 24. Let j(z) = z**3 - 4*z**2 - 13*z - 10. Calculate j(x).
-16
Let n = 27408 - 27408. Let m(f) = 2*f - 14. Let a(r) = -r. Let p(u) = -3*a(u) - m(u). Determine p(n).
14
Let a(w) = w**2 + 5*w - 3. Suppose -5*c - 565 = -2600. Let q = c - 413. What is a(q)?
3
Let c be 104/(-364) + (-149)/(-7). Let v(z) = 11 + 13 - z - c. Calculate v(6).
-3
Let z(l) = l**3 + 5*l**2 + 7*l + 5. Let q = 0 + -17. Let s(j) = -3*j**2 - 47*j + 64. Let a be s(q). What is z(a)?
-7
Suppose -13*v + 45 = -12*v - 3*l, 0 = 2*v + 5*l - 2. Let m(f) = -2*f**3 + 43*f**2 - 24*f + 61. What is m(v)?
-2
Let j(f) = f**2 - 6*f - 1. Let a(h) = -205*h - 604. Let v be a(-3). Determine j(v).
54
Suppose 4*w + 50 = -3*h, -4*h + w - 4*w = 55. Let d(i) = i**3 + 10*i**2 + 5*i - 12. Calculate d(h).
-62
Let t(b) = b**3 + 12*b**2 + 9*b - 20. Let o be t(-11). Let y(d) = 1 - 11 + 5*d + o*d - 9*d. What is y(-7)?
4
Let c(h) be the third derivative of -h**5/60 + 7*h**4/24 + 7*h**3/6 + 2524*h**2. Let k(r) = r**3 + 9*r**2 - r - 1. Let i be k(-9). Determine c(i).
-1
Suppose 29*w - 12 = 25*w. Let r(g) be the second derivative of 0*g**w + 4 + g**3 - 26*g - 4. Calculate r(-1).
-6
Let m(w) = -w + 3. Let g = -57 + 77. Let y be (1060/(-25))/((-8)/g). Suppose -11*l + 40 = y. Give m(l).
9
Suppose -7*p = 29*p - 524 - 16. Let l(n) = n**2 - 9*n - 64. Calculate l(p).
26
Let a = -1896 + 1900. Let h(m) = -4*m**2 + 17*m - 8. Calculate h(a).
-4
Let k = 2848 + -2846. Let h(x) = 2*x - 4*x**2 - x**3 + 7*x**2 - 3 - 4. Let d be h(k). Let v(w) = 12*w**3 + 2*w**2 - w. Calculate v(d).
13
Let q(b) = 2*b**2 + 12*b - 4. Let g be q(-7). Let p(o) = g*o - 37*o + 19*o + o**2 - 29 + 14*o. Let m be p(-9). Let r(u) = u**2 + u + 1. Calculate r(m).
3
Let f(n) = 72*n**3 + 3*n - 17*n**2 + 1 - 69*n**3 - 1 - 4 + 8. What is f(6)?
58
Let m(u) be the second derivative of u**3/6 - 18*u**2 - 1753*u. Calculate m(17).
-19
Let k be (2 - 1)*(3 - 4)*16. Let a(b) = -b**2 - 16*b - 6. What is a(k)?
-6
Let c(b) = -9*b**2 - 13*b - 8. Let p be ((-28)/70)/(8/20). Let z(g) = g**3 - g**2 - 2. Let w(o) = p*c(o) + z(o). Determine w(-6).
0
Let s(u) = 82*u + 17 - 292*u + 133*u + 80*u. What is s(9)?
44
Let x = -8 + -1. Let n(r) = -3*r**2 - 40*r - 6. Let i(v) = v**2 + 14*v + 2. Let h(g) = -8*i(g) - 3*n(g). Determine h(x).
11
Let o be (92/8 - 3 - 3)*12. Suppose -o = -2*c + 62. Let b(h) = -61 + 123 + h**2 - c - 7*h. Give b(6).
-8
Let u(b) = 5*b**2 - 16*b**3 - 13*b + 1006617 - 1006611 + 15*b**3. Give u(6).
-108
Let z(d) be the first derivative of -d**5/20 - d**4/12 - d**3/3 - 2*d**2 - 48*d - 40. Let p(l) be the first derivative of z(l). What is p(0)?
-4
Let x be ((-2366)/(-12) - (-28)/(-42))*2. Let k = x - 398. Let f(r) = -4*r - 16. What is f(k)?
4
Let m(j) = j**2 - 10*j + 3. Suppose -270 - 118 = -4*d - 4*g, -461 = -5*d + g. Let k = 53 - d. Let o = k - -49. Calculate m(o).
-6
Let z(o) be the first derivative of -3/2*o**2 - 58 - 5*o. What is z(-7)?
16
Let w(j) = -j + 9. Let c = 47 + -44. Suppose -5*q - 6 = -d, -c*d - 3*q + 32 = -4*q. Calculate w(d).
-2
Suppose -5*a - 59 = -10*r + 7*r, a = -3*r - 1. Let t(f) = -f**2 - 5*f + 26. Determine t(a).
-24
Let b(l) be the third derivative of 1/3*l**3 + 0*l + 1/1